{"id":12089,"date":"2025-03-04T09:39:00","date_gmt":"2025-03-04T08:39:00","guid":{"rendered":"https:\/\/dicifood.ch\/?post_type=product&#038;p=12089"},"modified":"2025-10-01T13:24:55","modified_gmt":"2025-10-01T11:24:55","slug":"mix-de-graines-3kg","status":"publish","type":"product","link":"https:\/\/dicifood.ch\/de\/produkt\/mix-de-graines-3kg\/","title":{"rendered":"Mix de graines 3kg"},"content":{"rendered":"<p>Boostez votre alimentation avec notre mix de graines 100% naturel et local! Compos\u00e9 de lin, chia, graines de courge et de tournesol, il apporte du croquant et des nutriments essentiels comme les om\u00e9ga-3 et les prot\u00e9ines. Id\u00e9al pour enrichir vos salades, pains et soupes, il s&rsquo;int\u00e8gre facilement \u00e0 votre quotidien pour une touche de bien-\u00eatre et de gourmandise.<\/p>\n<p>Conditionn\u00e9 chez:<\/p>\n<p><a href=\"https:\/\/www.afiro.ch\/association\"><img decoding=\"async\" class=\"alignnone wp-image-5346\" src=\"https:\/\/dicifood.ch\/wp-content\/uploads\/2023\/03\/afiro-300x136.png\" alt=\"\" width=\"221\" height=\"100\" srcset=\"https:\/\/dicifood.ch\/wp-content\/uploads\/2023\/03\/afiro-300x136.png 300w, https:\/\/dicifood.ch\/wp-content\/uploads\/2023\/03\/afiro.png 332w\" sizes=\"(max-width: 221px) 100vw, 221px\" \/><\/a><\/p>","protected":false},"excerpt":{"rendered":"<p>En choisissant Dicifood, vous soutenez une agriculture locale et durable, favorisez des pratiques respectueuses de la nature et participez \u00e0 la pr\u00e9servation de l\u2019environnement. Tout cela en profitant de produits sains et de qualit\u00e9 sup\u00e9rieure.<\/p>\n<p>&nbsp;<\/p>\n<p><img decoding=\"async\" class=\"alignnone wp-image-11214 size-medium\" src=\"https:\/\/dicifood.ch\/wp-content\/uploads\/2023\/02\/2_Primary_color_border_screened_A-300x139.png\" alt=\"\" width=\"300\" height=\"139\" srcset=\"https:\/\/dicifood.ch\/wp-content\/uploads\/2023\/02\/2_Primary_color_border_screened_A-300x139.png 300w, https:\/\/dicifood.ch\/wp-content\/uploads\/2023\/02\/2_Primary_color_border_screened_A-600x279.png 600w, https:\/\/dicifood.ch\/wp-content\/uploads\/2023\/02\/2_Primary_color_border_screened_A-1024x476.png 1024w, https:\/\/dicifood.ch\/wp-content\/uploads\/2023\/02\/2_Primary_color_border_screened_A-768x357.png 768w, https:\/\/dicifood.ch\/wp-content\/uploads\/2023\/02\/2_Primary_color_border_screened_A-1536x713.png 1536w, https:\/\/dicifood.ch\/wp-content\/uploads\/2023\/02\/2_Primary_color_border_screened_A-2048x951.png 2048w, https:\/\/dicifood.ch\/wp-content\/uploads\/2023\/02\/2_Primary_color_border_screened_A-18x8.png 18w\" sizes=\"(max-width: 300px) 100vw, 300px\" \/><\/p>","protected":false},"featured_media":12162,"comment_status":"closed","ping_status":"closed","template":"","meta":[],"product_brand":[],"product_cat":[122,115],"product_tag":[227,224,225,228,223,221,220,229,226],"class_list":{"0":"post-12089","1":"product","2":"type-product","3":"status-publish","4":"has-post-thumbnail","6":"product_cat-graines","7":"product_cat-grands-emballages-3-5-kg","8":"product_tag-alimentation","9":"product_tag-chia","10":"product_tag-courges","11":"product_tag-durable","12":"product_tag-lin","13":"product_tag-local","14":"product_tag-sain","15":"product_tag-salade","16":"product_tag-tournesol","18":"first","19":"outofstock","20":"taxable","21":"shipping-taxable","22":"purchasable","23":"product-type-simple"},"yoast_head":"<!-- This site is optimized with the Yoast SEO plugin v27.5 - https:\/\/yoast.com\/product\/yoast-seo-wordpress\/ -->\n<title>Mix de graines 3kg - Dicifood<\/title>\n<meta name=\"robots\" content=\"index, follow, max-snippet:-1, max-image-preview:large, max-video-preview:-1\" \/>\n<link rel=\"canonical\" href=\"https:\/\/dicifood.ch\/de\/produkt\/mix-de-graines-3kg\/\" \/>\n<meta property=\"og:locale\" content=\"de_DE\" \/>\n<meta property=\"og:type\" content=\"article\" \/>\n<meta property=\"og:title\" content=\"Mix de graines 3kg - Dicifood\" \/>\n<meta property=\"og:description\" content=\"En choisissant Dicifood, vous soutenez une agriculture locale et durable, favorisez des pratiques respectueuses de la nature et participez \u00e0 la pr\u00e9servation de l\u2019environnement. Tout cela en profitant de produits sains et de qualit\u00e9 sup\u00e9rieure.  &nbsp;\" \/>\n<meta property=\"og:url\" content=\"https:\/\/dicifood.ch\/de\/produkt\/mix-de-graines-3kg\/\" \/>\n<meta property=\"og:site_name\" content=\"Dicifood\" \/>\n<meta property=\"article:modified_time\" content=\"2025-10-01T11:24:55+00:00\" \/>\n<meta property=\"og:image\" content=\"https:\/\/dicifood.ch\/wp-content\/uploads\/2025\/03\/Mix-de-graines-3kg-2.png\" \/>\n\t<meta property=\"og:image:width\" content=\"441\" \/>\n\t<meta property=\"og:image:height\" content=\"641\" \/>\n\t<meta property=\"og:image:type\" content=\"image\/png\" \/>\n<meta name=\"twitter:card\" content=\"summary_large_image\" \/>\n<meta name=\"twitter:label1\" content=\"Gesch\u00e4tzte Lesezeit\" \/>\n\t<meta name=\"twitter:data1\" content=\"1\u00a0Minute\" \/>\n<script type=\"application\/ld+json\" class=\"yoast-schema-graph\">{\"@context\":\"https:\\\/\\\/schema.org\",\"@graph\":[{\"@type\":\"WebPage\",\"@id\":\"https:\\\/\\\/dicifood.ch\\\/produit\\\/mix-de-graines-3kg\\\/\",\"url\":\"https:\\\/\\\/dicifood.ch\\\/produit\\\/mix-de-graines-3kg\\\/\",\"name\":\"Mix de graines 3kg - Dicifood\",\"isPartOf\":{\"@id\":\"https:\\\/\\\/dicifood.ch\\\/#website\"},\"primaryImageOfPage\":{\"@id\":\"https:\\\/\\\/dicifood.ch\\\/produit\\\/mix-de-graines-3kg\\\/#primaryimage\"},\"image\":{\"@id\":\"https:\\\/\\\/dicifood.ch\\\/produit\\\/mix-de-graines-3kg\\\/#primaryimage\"},\"thumbnailUrl\":\"https:\\\/\\\/dicifood.ch\\\/wp-content\\\/uploads\\\/2025\\\/03\\\/Mix-de-graines-3kg-2.png\",\"datePublished\":\"2025-03-04T08:39:00+00:00\",\"dateModified\":\"2025-10-01T11:24:55+00:00\",\"breadcrumb\":{\"@id\":\"https:\\\/\\\/dicifood.ch\\\/produit\\\/mix-de-graines-3kg\\\/#breadcrumb\"},\"inLanguage\":\"de\",\"potentialAction\":[{\"@type\":\"ReadAction\",\"target\":[\"https:\\\/\\\/dicifood.ch\\\/produit\\\/mix-de-graines-3kg\\\/\"]}]},{\"@type\":\"ImageObject\",\"inLanguage\":\"de\",\"@id\":\"https:\\\/\\\/dicifood.ch\\\/produit\\\/mix-de-graines-3kg\\\/#primaryimage\",\"url\":\"https:\\\/\\\/dicifood.ch\\\/wp-content\\\/uploads\\\/2025\\\/03\\\/Mix-de-graines-3kg-2.png\",\"contentUrl\":\"https:\\\/\\\/dicifood.ch\\\/wp-content\\\/uploads\\\/2025\\\/03\\\/Mix-de-graines-3kg-2.png\",\"width\":441,\"height\":641},{\"@type\":\"BreadcrumbList\",\"@id\":\"https:\\\/\\\/dicifood.ch\\\/produit\\\/mix-de-graines-3kg\\\/#breadcrumb\",\"itemListElement\":[{\"@type\":\"ListItem\",\"position\":1,\"name\":\"Accueil\",\"item\":\"https:\\\/\\\/dicifood.ch\\\/\"},{\"@type\":\"ListItem\",\"position\":2,\"name\":\"Boutique\",\"item\":\"https:\\\/\\\/dicifood.ch\\\/boutique\\\/\"},{\"@type\":\"ListItem\",\"position\":3,\"name\":\"Mix de graines 3kg\"}]},{\"@type\":\"WebSite\",\"@id\":\"https:\\\/\\\/dicifood.ch\\\/#website\",\"url\":\"https:\\\/\\\/dicifood.ch\\\/\",\"name\":\"Dicifood\",\"description\":\"De la fourche \u00e0 la fourchette\",\"potentialAction\":[{\"@type\":\"SearchAction\",\"target\":{\"@type\":\"EntryPoint\",\"urlTemplate\":\"https:\\\/\\\/dicifood.ch\\\/?s={search_term_string}\"},\"query-input\":{\"@type\":\"PropertyValueSpecification\",\"valueRequired\":true,\"valueName\":\"search_term_string\"}}],\"inLanguage\":\"de\"}]}<\/script>\n<!-- \/ Yoast SEO plugin. -->","yoast_head_json":{"title":"Mix de graines 3kg - Dicifood","robots":{"index":"index","follow":"follow","max-snippet":"max-snippet:-1","max-image-preview":"max-image-preview:large","max-video-preview":"max-video-preview:-1"},"canonical":"https:\/\/dicifood.ch\/de\/produkt\/mix-de-graines-3kg\/","og_locale":"de_DE","og_type":"article","og_title":"Mix de graines 3kg - Dicifood","og_description":"En choisissant Dicifood, vous soutenez une agriculture locale et durable, favorisez des pratiques respectueuses de la nature et participez \u00e0 la pr\u00e9servation de l\u2019environnement. Tout cela en profitant de produits sains et de qualit\u00e9 sup\u00e9rieure.  &nbsp;","og_url":"https:\/\/dicifood.ch\/de\/produkt\/mix-de-graines-3kg\/","og_site_name":"Dicifood","article_modified_time":"2025-10-01T11:24:55+00:00","og_image":[{"width":441,"height":641,"url":"https:\/\/dicifood.ch\/wp-content\/uploads\/2025\/03\/Mix-de-graines-3kg-2.png","type":"image\/png"}],"twitter_card":"summary_large_image","twitter_misc":{"Gesch\u00e4tzte Lesezeit":"1\u00a0Minute"},"schema":{"@context":"https:\/\/schema.org","@graph":[{"@type":"WebPage","@id":"https:\/\/dicifood.ch\/produit\/mix-de-graines-3kg\/","url":"https:\/\/dicifood.ch\/produit\/mix-de-graines-3kg\/","name":"Mix de graines 3kg - Dicifood","isPartOf":{"@id":"https:\/\/dicifood.ch\/#website"},"primaryImageOfPage":{"@id":"https:\/\/dicifood.ch\/produit\/mix-de-graines-3kg\/#primaryimage"},"image":{"@id":"https:\/\/dicifood.ch\/produit\/mix-de-graines-3kg\/#primaryimage"},"thumbnailUrl":"https:\/\/dicifood.ch\/wp-content\/uploads\/2025\/03\/Mix-de-graines-3kg-2.png","datePublished":"2025-03-04T08:39:00+00:00","dateModified":"2025-10-01T11:24:55+00:00","breadcrumb":{"@id":"https:\/\/dicifood.ch\/produit\/mix-de-graines-3kg\/#breadcrumb"},"inLanguage":"de","potentialAction":[{"@type":"ReadAction","target":["https:\/\/dicifood.ch\/produit\/mix-de-graines-3kg\/"]}]},{"@type":"ImageObject","inLanguage":"de","@id":"https:\/\/dicifood.ch\/produit\/mix-de-graines-3kg\/#primaryimage","url":"https:\/\/dicifood.ch\/wp-content\/uploads\/2025\/03\/Mix-de-graines-3kg-2.png","contentUrl":"https:\/\/dicifood.ch\/wp-content\/uploads\/2025\/03\/Mix-de-graines-3kg-2.png","width":441,"height":641},{"@type":"BreadcrumbList","@id":"https:\/\/dicifood.ch\/produit\/mix-de-graines-3kg\/#breadcrumb","itemListElement":[{"@type":"ListItem","position":1,"name":"Accueil","item":"https:\/\/dicifood.ch\/"},{"@type":"ListItem","position":2,"name":"Boutique","item":"https:\/\/dicifood.ch\/boutique\/"},{"@type":"ListItem","position":3,"name":"Mix de graines 3kg"}]},{"@type":"WebSite","@id":"https:\/\/dicifood.ch\/#website","url":"https:\/\/dicifood.ch\/","name":"Dicifood","description":"De la fourche \u00e0 la fourchette","potentialAction":[{"@type":"SearchAction","target":{"@type":"EntryPoint","urlTemplate":"https:\/\/dicifood.ch\/?s={search_term_string}"},"query-input":{"@type":"PropertyValueSpecification","valueRequired":true,"valueName":"search_term_string"}}],"inLanguage":"de"}]}},"_links":{"self":[{"href":"https:\/\/dicifood.ch\/de\/wp-json\/wp\/v2\/product\/12089","targetHints":{"allow":["GET"]}}],"collection":[{"href":"https:\/\/dicifood.ch\/de\/wp-json\/wp\/v2\/product"}],"about":[{"href":"https:\/\/dicifood.ch\/de\/wp-json\/wp\/v2\/types\/product"}],"replies":[{"embeddable":true,"href":"https:\/\/dicifood.ch\/de\/wp-json\/wp\/v2\/comments?post=12089"}],"wp:featuredmedia":[{"embeddable":true,"href":"https:\/\/dicifood.ch\/de\/wp-json\/wp\/v2\/media\/12162"}],"wp:attachment":[{"href":"https:\/\/dicifood.ch\/de\/wp-json\/wp\/v2\/media?parent=12089"}],"wp:term":[{"taxonomy":"product_brand","embeddable":true,"href":"https:\/\/dicifood.ch\/de\/wp-json\/wp\/v2\/product_brand?post=12089"},{"taxonomy":"product_cat","embeddable":true,"href":"https:\/\/dicifood.ch\/de\/wp-json\/wp\/v2\/product_cat?post=12089"},{"taxonomy":"product_tag","embeddable":true,"href":"https:\/\/dicifood.ch\/de\/wp-json\/wp\/v2\/product_tag?post=12089"}],"curies":[{"name":"wp","href":"https:\/\/api.w.org\/{rel}","templated":true}]}}

<p>Boostez votre alimentation avec notre mix de graines 100% naturel et local! Composé de lin, chia, graines de courge et de tournesol, il apporte du croquant et des nutriments essentiels comme les oméga-3 et les protéines. Idéal pour enrichir vos salades, pains et soupes, il s&rsquo;intègre facilement à votre quotidien pour une touche de bien-être et de gourmandise.</p>
<p>Conditionné chez:</p>
<p><a href="https://www.afiro.ch/association"><img decoding="async" class="alignnone wp-image-5346" src="https://dicifood.ch/wp-content/uploads/2023/03/afiro-300x136.png" alt="" width="221" height="100" srcset="https://dicifood.ch/wp-content/uploads/2023/03/afiro-300x136.png 300w, https://dicifood.ch/wp-content/uploads/2023/03/afiro.png 332w" sizes="(max-width: 221px) 100vw, 221px" /></a></p>

<p>En choisissant Dicifood, vous soutenez une agriculture locale et durable, favorisez des pratiques respectueuses de la nature et participez à la préservation de l’environnement. Tout cela en profitant de produits sains et de qualité supérieure.</p>
<p>&nbsp;</p>
<p><img decoding="async" class="alignnone wp-image-11214 size-medium" src="https://dicifood.ch/wp-content/uploads/2023/02/2_Primary_color_border_screened_A-300x139.png" alt="" width="300" height="139" srcset="https://dicifood.ch/wp-content/uploads/2023/02/2_Primary_color_border_screened_A-300x139.png 300w, https://dicifood.ch/wp-content/uploads/2023/02/2_Primary_color_border_screened_A-600x279.png 600w, https://dicifood.ch/wp-content/uploads/2023/02/2_Primary_color_border_screened_A-1024x476.png 1024w, https://dicifood.ch/wp-content/uploads/2023/02/2_Primary_color_border_screened_A-768x357.png 768w, https://dicifood.ch/wp-content/uploads/2023/02/2_Primary_color_border_screened_A-1536x713.png 1536w, https://dicifood.ch/wp-content/uploads/2023/02/2_Primary_color_border_screened_A-2048x951.png 2048w, https://dicifood.ch/wp-content/uploads/2023/02/2_Primary_color_border_screened_A-18x8.png 18w" sizes="(max-width: 300px) 100vw, 300px" /></p>

<!-- This site is optimized with the Yoast SEO plugin v27.5 - https://yoast.com/product/yoast-seo-wordpress/ -->
<title>Mix de graines 3kg - Dicifood</title>
<meta name="robots" content="index, follow, max-snippet:-1, max-image-preview:large, max-video-preview:-1" />
<link rel="canonical" href="https://dicifood.ch/de/produkt/mix-de-graines-3kg/" />
<meta property="og:locale" content="de_DE" />
<meta property="og:type" content="article" />
<meta property="og:title" content="Mix de graines 3kg - Dicifood" />
<meta property="og:description" content="En choisissant Dicifood, vous soutenez une agriculture locale et durable, favorisez des pratiques respectueuses de la nature et participez à la préservation de l’environnement. Tout cela en profitant de produits sains et de qualité supérieure.  &nbsp;" />
<meta property="og:url" content="https://dicifood.ch/de/produkt/mix-de-graines-3kg/" />
<meta property="og:site_name" content="Dicifood" />
<meta property="article:modified_time" content="2025-10-01T11:24:55+00:00" />
<meta property="og:image" content="https://dicifood.ch/wp-content/uploads/2025/03/Mix-de-graines-3kg-2.png" />
	<meta property="og:image:width" content="441" />
	<meta property="og:image:height" content="641" />
	<meta property="og:image:type" content="image/png" />
<meta name="twitter:card" content="summary_large_image" />
<meta name="twitter:label1" content="Geschätzte Lesezeit" />
	<meta name="twitter:data1" content="1 Minute" />
<script type="application/ld+json" class="yoast-schema-graph">{"@context":"https:\/\/schema.org","@graph":[{"@type":"WebPage","@id":"https:\/\/dicifood.ch\/produit\/mix-de-graines-3kg\/","url":"https:\/\/dicifood.ch\/produit\/mix-de-graines-3kg\/","name":"Mix de graines 3kg - Dicifood","isPartOf":{"@id":"https:\/\/dicifood.ch\/#website"},"primaryImageOfPage":{"@id":"https:\/\/dicifood.ch\/produit\/mix-de-graines-3kg\/#primaryimage"},"image":{"@id":"https:\/\/dicifood.ch\/produit\/mix-de-graines-3kg\/#primaryimage"},"thumbnailUrl":"https:\/\/dicifood.ch\/wp-content\/uploads\/2025\/03\/Mix-de-graines-3kg-2.png","datePublished":"2025-03-04T08:39:00+00:00","dateModified":"2025-10-01T11:24:55+00:00","breadcrumb":{"@id":"https:\/\/dicifood.ch\/produit\/mix-de-graines-3kg\/#breadcrumb"},"inLanguage":"de","potentialAction":[{"@type":"ReadAction","target":["https:\/\/dicifood.ch\/produit\/mix-de-graines-3kg\/"]}]},{"@type":"ImageObject","inLanguage":"de","@id":"https:\/\/dicifood.ch\/produit\/mix-de-graines-3kg\/#primaryimage","url":"https:\/\/dicifood.ch\/wp-content\/uploads\/2025\/03\/Mix-de-graines-3kg-2.png","contentUrl":"https:\/\/dicifood.ch\/wp-content\/uploads\/2025\/03\/Mix-de-graines-3kg-2.png","width":441,"height":641},{"@type":"BreadcrumbList","@id":"https:\/\/dicifood.ch\/produit\/mix-de-graines-3kg\/#breadcrumb","itemListElement":[{"@type":"ListItem","position":1,"name":"Accueil","item":"https:\/\/dicifood.ch\/"},{"@type":"ListItem","position":2,"name":"Boutique","item":"https:\/\/dicifood.ch\/boutique\/"},{"@type":"ListItem","position":3,"name":"Mix de graines 3kg"}]},{"@type":"WebSite","@id":"https:\/\/dicifood.ch\/#website","url":"https:\/\/dicifood.ch\/","name":"Dicifood","description":"De la fourche à la fourchette","potentialAction":[{"@type":"SearchAction","target":{"@type":"EntryPoint","urlTemplate":"https:\/\/dicifood.ch\/?s={search_term_string}"},"query-input":{"@type":"PropertyValueSpecification","valueRequired":true,"valueName":"search_term_string"}}],"inLanguage":"de"}]}</script>
<!-- / Yoast SEO plugin. -->

En choisissant Dicifood, vous soutenez une agriculture locale et durable, favorisez des pratiques respectueuses de la nature et participez à la préservation de l’environnement. Tout cela en profitant de produits sains et de qualité supérieure.  &nbsp;

De la fourche à la fourchette
